nder when 10946918 is divided by 232?
230
What is the remainder when 3530613 is divided by 1765306?
1
Calculate the remainder when 2080160 is divided by 1057.
1041
Calculate the remainder when 56881 is divided by 2114.
1917
What is the remainder when 34661075 is divided by 618?
545
Calculate the remainder when 45896 is divided by 135.
131
What is the remainder when 7623930 is divided by 4?
2
Calculate the remainder when 2233477 is divided by 31.
20
What is the remainder when 39311181 is divided by 69?
18
What is the remainder when 11081161 is divided by 849?
13
Calculate the remainder when 13042008 is divided by 260839.
58
What is the remainder when 10908478 is divided by 1033?
1031
What is the remainder when 14498 is divided by 904?
34
Calculate the remainder when 96546 is divided by 14961.
6780
Calculate the remainder when 361075 is divided by 374.
165
What is the remainder when 484010 is divided by 53480?
2690
What is the remainder when 90263 is divided by 155?
53
Calculate the remainder when 288811 is divided by 4009.
163
Calculate the remainder when 106764647 is divided by 1953.
1949
What is the remainder when 131983 is divided by 125?
108
Calculate the remainder when 235579 is divided by 38469.
4765
What is the remainder when 355968 is divided by 118299?
1071
Calculate the remainder when 83232 is divided by 81966.
1266
Calculate the remainder when 6454 is divided by 6067.
387
Calculate the remainder when 75709 is divided by 37771.
167
What is the remainder when 1220321 is divided by 1638?
11
What is the remainder when 2993649 is divided by 2273?
108
Calculate the remainder when 64171 is divided by 64006.
165
What is the remainder when 144730 is divided by 6?
4
Calculate the remainder when 63688 is divided by 1298.
86
Calculate the remainder when 1981316 is divided by 237.
233
What is the remainder when 479943012 is divided by 15?
12
Calculate the remainder when 67631308 is divided by 1.
0
Calculate the remainder when 2135064 is divided by 87.
84
What is the remainder when 4316344 is divided by 7?
4
What is the remainder when 130898 is divided by 13083?
68
What is the remainder when 4532 is divided by 710?
272
Calculate the remainder when 885883 is divided by 295286.
25
Calculate the remainder when 79358 is divided by 25447.
3017
Calculate the remainder when 7985529 is divided by 23.
21
Calculate the remainder when 561372 is divided by 2623.
50
What is the remainder when 27084721 is divided by 22?
15
What is the remainder when 1157812 is divided by 32145?
592
Calculate the remainder when 160265567 is divided by 12.
11
What is the remainder when 39252202 is divided by 267?
265
Calculate the remainder when 369838 is divided by 369731.
107
Calculate the remainder when 4096583 is divided by 674.
11
What is the remainder when 60909 is divided by 1422?
1185
Calculate the remainder when 70395727 is divided by 786.
781
What is the remainder when 5293538 is divided by 52?
42
What is the remainder when 256588 is divided by 223?
138
What is the remainder when 36101824 is divided by 925?
924
What is the remainder when 20516 is divided by 10201?
114
What is the remainder when 227044 is divided by 37840?
4
What is the remainder when 231403 is divided by 76853?
844
Calculate the remainder when 1951019 is divided by 157.
137
Calculate the remainder when 4956465 is divided by 381266.
7
What is the remainder when 455970 is divided by 4225?
3895
What is the remainder when 215224 is divided by 88?
64
Calculate the remainder when 2172690 is divided by 461.
458
What is the remainder when 4212582 is divided by 5131?
31
Calculate the remainder when 8434985 is divided by 2811656.
17
What is the remainder when 238436 is divided by 703?
119
What is the remainder when 19430 is divided by 18078?
1352
Calculate the remainder when 101863 is divided by 8481.
91
Calculate the remainder when 125713 is divided by 1006.
969
Calculate the remainder when 3726640 is divided by 11.
5
What is the remainder when 84957488 is divided by 21?
14
Calculate the remainder when 6727 is divided by 258.
19
Calculate the remainder when 89385698 is divided by 89385698.
0
What is the remainder when 5081999 is divided by 77?
76
What is the remainder when 18769246 is divided by 536264?
6
What is the remainder when 5335516 is divided by 254?
246
What is the remainder when 212099 is divided by 26?
17
Calculate the remainder when 1520565199 is divided by 880.
879
Calculate the remainder when 18077902 is divided by 234.
232
What is the remainder when 290191 is divided by 131?
26
Calculate the remainder when 17335979 is divided by 2.
1
What is the remainder when 1760229 is divided by 583?
152
Calculate the remainder when 88185 is divided by 22044.
9
What is the remainder when 74746679 is divided by 1153?
1148
What is the remainder when 954920 is divided by 9?
2
Calculate the remainder when 458931 is divided by 518.
501
Calculate the remainder when 3102924 is divided by 173.
169
What is the remainder when 4047887 is divided by 515?
502
What is the remainder when 8229417 is divided by 176?
9
What is the remainder when 495687 is divided by 495671?
16
What is the remainder when 11517624 is divided by 47?
39
Calculate the remainder when 5343021 is divided by 1335727.
113
What is the remainder when 2174242 is divided by 5908?
98
Calculate the remainder when 221679 is divided by 73524.
1107
Calculate the remainder when 57036468 is divided by 28518232.
4
Calculate the remainder when 1393986 is divided by 37.
11
What is the remainder when 19339431 is divided by 7320?
7311
Calculate the remainder when 387142 is divided by 193518.
106
What is the remainder when 276400535 is divided by 12?
11
Calculate the remainder when 17870356 is divided by 1153.
9
Calculate the remainder when 870825 is divided by 1721.
1720
What is the remainder when 44192403 is divided by 551?
550
Calculate the remainder when 172503235 is divided by 174.
157
Calculate the remainder when 1138383 is divided by 2867.
184
What is the remainder when 16524084 is divided by 109431?
3
Calculate the remainder when 327815 is divided by 46794.
257
What is the remainder when 1008843 is divided by 1804?
407
What is the remainder when 13693612 is divided by 69?
10
Calculate the remainder when 10614117 is divided by 614.
513
What is the remainder when 11036863 is divided by 3188?
7
Calculate the remainder when 357444 is divided by 3538.
106
Calculate the remainder when 52845 is divided by 17511.
312
Calculate the remainder when 7430866 is divided by 464425.
66
Calculate the remainder when 1620976 is divided by 19.
10
Calculate the remainder when 59458864 is divided by 124.
120
What is the remainder when 2186832 is divided by 42879?
3
What is the remainder when 39510836 is divided by 89?
87
What is the remainder when 810694 is divided by 270217?
43
What is the remainder when 322463080 is divided by 93?
88
Calculate the remainder when 72128 is divided by 13933.
2463
Calculate the remainder when 245146 is divided by 263.
30
What is the remainder when 7271833 is divided by 572?
569
What is the remainder when 131653 is divided by 56?
53
Calculate the remainder when 568695 is divided by 4179.
351
What is the remainder when 608089745 is divided by 11?
10
What is the remainder when 3345528 is divided by 176080?
8
Calculate the remainder when 27351 is divided by 13387.
577
Calculate the remainder when 230110422 is divided by 25.
22
Calculate the remainder when 35620 is divided by 4224.
1828
Calculate the remainder when 688488 is divided by 1063.
727
What is the remainder when 131570 is divided by 30?
20
What is the remainder when 35663469 is divided by 36?
33
What is the remainder when 48454803 is divided by 3605?
3603
What is the remainder when 8593360 is divided by 1563?
1549
Calculate the remainder when 1587441 is divided by 317374.
571
What is the remainder when 1914477 is divided by 3763?
2873
What is the remainder when 235752 is divided by 8417?
76
What is the remainder when 1322323 is divided by 476?
471
What is the remainder when 104416106 is divided by 2398?
2390
What is the remainder when 3126859 is divided by 932?
931
What is the remainder when 2663201 is divided by 1143?
11
What is the remainder when 9628567 is divided by 45633?
4
Calculate the r